{"id":2668,"date":"2015-04-04T16:10:32","date_gmt":"2015-04-04T14:10:32","guid":{"rendered":"http:\/\/www.koenigswald.de\/?page_id=2668"},"modified":"2015-04-05T15:15:15","modified_gmt":"2015-04-05T13:15:15","slug":"koenigswaelder-stracke","status":"publish","type":"page","link":"https:\/\/koenigswald.de\/?page_id=2668","title":{"rendered":"K\u00f6nigsw\u00e4lder Stracke"},"content":{"rendered":"<h1>K\u00f6nigsw\u00e4lder Stracke | G\u00fcnter u. Jutta Andres GbR<\/h1>\n<!-- index.php -->\n<div\n\tclass=\"ngg-galleryoverview ngg-ajax-pagination-none\"\n\tid=\"ngg-gallery-6623410220c35da1d2834196395b91c5-1\">\n\n    \t\t<!-- Thumbnails -->\n\t\t\t\t<div id=\"ngg-image-0\" class=\"ngg-gallery-thumbnail-box\" >\n\t\t\t\t        <div class=\"ngg-gallery-thumbnail\">\n            <a href=\"https:\/\/koenigswald.de\/wp-content\/gallery\/koenigswalder-stracke\/IMG_0027.JPG\"\n               title=\"\"\n               data-src=\"https:\/\/koenigswald.de\/wp-content\/gallery\/koenigswalder-stracke\/IMG_0027.JPG\"\n               data-thumbnail=\"https:\/\/koenigswald.de\/wp-content\/gallery\/koenigswalder-stracke\/thumbs\/thumbs_IMG_0027.JPG\"\n               data-image-id=\"670\"\n               data-title=\"IMG_0027\"\n               data-description=\"\"\n               data-image-slug=\"img_0027\"\n               class=\"ngg-fancybox\" rel=\"6623410220c35da1d2834196395b91c5\">\n                <img\n                    title=\"IMG_0027\"\n                    alt=\"IMG_0027\"\n                    src=\"https:\/\/koenigswald.de\/wp-content\/gallery\/koenigswalder-stracke\/thumbs\/thumbs_IMG_0027.JPG\"\n                    width=\"120\"\n                    height=\"90\"\n                    style=\"max-width:100%;\"\n                \/>\n            <\/a>\n        <\/div>\n\t\t\t\t\t\t\t<\/div> \n\t\t\t\n        \n\t\t\t\t<div id=\"ngg-image-1\" class=\"ngg-gallery-thumbnail-box\" >\n\t\t\t\t        <div class=\"ngg-gallery-thumbnail\">\n            <a href=\"https:\/\/koenigswald.de\/wp-content\/gallery\/koenigswalder-stracke\/guenterjutta_vorderseite.jpg\"\n               title=\"\"\n               data-src=\"https:\/\/koenigswald.de\/wp-content\/gallery\/koenigswalder-stracke\/guenterjutta_vorderseite.jpg\"\n               data-thumbnail=\"https:\/\/koenigswald.de\/wp-content\/gallery\/koenigswalder-stracke\/thumbs\/thumbs_guenterjutta_vorderseite.jpg\"\n               data-image-id=\"671\"\n               data-title=\"guenterjutta_vorderseite\"\n               data-description=\"\"\n               data-image-slug=\"guenterjutta_vorderseite\"\n               class=\"ngg-fancybox\" rel=\"6623410220c35da1d2834196395b91c5\">\n                <img\n                    title=\"guenterjutta_vorderseite\"\n                    alt=\"guenterjutta_vorderseite\"\n                    src=\"https:\/\/koenigswald.de\/wp-content\/gallery\/koenigswalder-stracke\/thumbs\/thumbs_guenterjutta_vorderseite.jpg\"\n                    width=\"120\"\n                    height=\"90\"\n                    style=\"max-width:100%;\"\n                \/>\n            <\/a>\n        <\/div>\n\t\t\t\t\t\t\t<\/div> \n\t\t\t\n        \n\t\t\n\t\t<div class=\"ngg-clear\"><\/div>\n\t<\/div>\n\n<div id=\"themify_builder_content-2668\" data-postid=\"2668\" class=\"themify_builder_content themify_builder_content-2668 themify_builder themify_builder_front\">\n\t<\/div>\n<!-- \/themify_builder_content -->","protected":false},"excerpt":{"rendered":"<p>K\u00f6nigsw\u00e4lder Stracke | G\u00fcnter u. Jutta Andres GbR<\/p>\n","protected":false},"author":2,"featured_media":0,"parent":2542,"menu_order":0,"comment_status":"open","ping_status":"open","template":"","meta":{"ngg_post_thumbnail":0},"_links":{"self":[{"href":"https:\/\/koenigswald.de\/index.php?rest_route=\/wp\/v2\/pages\/2668"}],"collection":[{"href":"https:\/\/koenigswald.de\/index.php?rest_route=\/wp\/v2\/pages"}],"about":[{"href":"https:\/\/koenigswald.de\/index.php?rest_route=\/wp\/v2\/types\/page"}],"author":[{"embeddable":true,"href":"https:\/\/koenigswald.de\/index.php?rest_route=\/wp\/v2\/users\/2"}],"replies":[{"embeddable":true,"href":"https:\/\/koenigswald.de\/index.php?rest_route=%2Fwp%2Fv2%2Fcomments&post=2668"}],"version-history":[{"count":5,"href":"https:\/\/koenigswald.de\/index.php?rest_route=\/wp\/v2\/pages\/2668\/revisions"}],"predecessor-version":[{"id":3135,"href":"https:\/\/koenigswald.de\/index.php?rest_route=\/wp\/v2\/pages\/2668\/revisions\/3135"}],"up":[{"embeddable":true,"href":"https:\/\/koenigswald.de\/index.php?rest_route=\/wp\/v2\/pages\/2542"}],"wp:attachment":[{"href":"https:\/\/koenigswald.de\/index.php?rest_route=%2Fwp%2Fv2%2Fmedia&parent=2668"}],"curies":[{"name":"wp","href":"https:\/\/api.w.org\/{rel}","templated":true}]}}