{"id":2580,"date":"2014-12-06T19:15:55","date_gmt":"2014-12-06T17:15:55","guid":{"rendered":"http:\/\/www.koenigswald.de\/?page_id=2580"},"modified":"2015-04-17T20:20:02","modified_gmt":"2015-04-17T18:20:02","slug":"praxis-fuer-logopaedie-dolores-hammerl-pfordt","status":"publish","type":"page","link":"https:\/\/koenigswald.de\/?page_id=2580","title":{"rendered":"Praxis f\u00fcr Logop\u00e4die Dolores Hammerl-Pfordt"},"content":{"rendered":"<h1>Praxis f\u00fcr Logop\u00e4die Dolores Hammerl-Pfordt<\/h1>\n<p>Logop\u00e4die ganz in Ihrer N\u00e4he!<\/p>\n<p>Meine Praxen in Bebra und Sontra sind durch ihre zentrale Lage gut erreichbar und bieten in ihren hellen und freundlich eingerichteten Therapier\u00e4umen eine gro\u00dfe Auswahl an therapeutischem Spiel- und Fachmaterial.<\/p>\n<p>Ein erfahrenes Team aus 3 Logop\u00e4den steht Ihnen bei jeglichen Sprach-, Sprech-,<br \/>\nStimm-, H\u00f6r- und Schluckst\u00f6rungen in Bebra oder Sontra zur Seite. Wir arbeiten mit einem hohen Ma\u00df an Motivation und therapeutischem Geschick erfolgreich an der Verbesserung der sprachlichen F\u00e4higkeiten unserer Patienten. Um unsere Behandlungen nach dem aktuellen Kenntnisstand durchf\u00fchren zu k\u00f6nnen, nehmen wir regelm\u00e4\u00dfig an Fortbildungsveranstaltungen teil,<br \/>\nWir stehen im engen Kontakt mit \u00c4rzten und Fachkr\u00e4ften der Kinderg\u00e4rten, Schulen und weiteren Einrichtungen.<\/p>\n<p>Auch Ihnen m\u00f6chten wir bei Fragen rund um Sprach-, Sprech-, Stimm-, H\u00f6r- und Schluckst\u00f6rungen und mit der Durchf\u00fchrung von qualifizierten und effektiven Therapien zur Verf\u00fcgung stehen. Wir f\u00fchren auch Hausbesuch durch.<\/p>\n<p>F\u00fcr Fragen stehen wir Ihnen gern telefonisch oder direkt in der Praxis zur Verf\u00fcgung.<\/p>\n<p>N\u00fcrnberger Str. 13<br \/>\n36179 Bebra<br \/>\nTel: 06622\/420811<br \/>\n<a href=\"mailto:info@logopaedie-bebra.de\" target=\"_blank\"> info@logopaedie-bebra.de<\/a><br \/>\n<a href=\"http:\/\/www.logopaedie-bebra.de\" target=\"_blank\"> www.logopaedie-bebra.de<\/a><\/p>\n<p>Rosengasse 5<br \/>\n36205 Sontra<br \/>\nTel: 05653\/9199922<br \/>\n<a href=\"mailto:info@logopaedie-sontra.de\" target=\"_blank\"> info@logopaedie-sontra.de<\/a><br \/>\n<a href=\"http:\/\/www.logopaedie-sontra.de\" target=\"_blank\"> www.logopaedie-sontra.de<\/a><\/p>\n<p>Ihre Dolores Hammerl-Pfordt + Team<\/p>\n<!-- index.php -->\n<div\n\tclass=\"ngg-galleryoverview ngg-ajax-pagination-none\"\n\tid=\"ngg-gallery-bea929b853b883413b6789c03db552d2-1\">\n\n    \t\t<!-- Thumbnails -->\n\t\t\t\t<div id=\"ngg-image-0\" class=\"ngg-gallery-thumbnail-box\" >\n\t\t\t\t        <div class=\"ngg-gallery-thumbnail\">\n            <a href=\"https:\/\/koenigswald.de\/wp-content\/gallery\/logopaedie\/praxis_sontra.JPG\"\n               title=\"\"\n               data-src=\"https:\/\/koenigswald.de\/wp-content\/gallery\/logopaedie\/praxis_sontra.JPG\"\n               data-thumbnail=\"https:\/\/koenigswald.de\/wp-content\/gallery\/logopaedie\/thumbs\/thumbs_praxis_sontra.JPG\"\n               data-image-id=\"701\"\n               data-title=\"praxis_sontra\"\n               data-description=\"\"\n               data-image-slug=\"praxis_sontra\"\n               class=\"ngg-fancybox\" rel=\"bea929b853b883413b6789c03db552d2\">\n                <img\n                    title=\"praxis_sontra\"\n                    alt=\"praxis_sontra\"\n                    src=\"https:\/\/koenigswald.de\/wp-content\/gallery\/logopaedie\/thumbs\/thumbs_praxis_sontra.JPG\"\n                    width=\"120\"\n                    height=\"68\"\n                    style=\"max-width:100%;\"\n                \/>\n            <\/a>\n        <\/div>\n\t\t\t\t\t\t\t<\/div> \n\t\t\t\n        \n\t\t\t\t<div id=\"ngg-image-1\" class=\"ngg-gallery-thumbnail-box\" >\n\t\t\t\t        <div class=\"ngg-gallery-thumbnail\">\n            <a href=\"https:\/\/koenigswald.de\/wp-content\/gallery\/logopaedie\/team.JPG\"\n               title=\"\"\n               data-src=\"https:\/\/koenigswald.de\/wp-content\/gallery\/logopaedie\/team.JPG\"\n               data-thumbnail=\"https:\/\/koenigswald.de\/wp-content\/gallery\/logopaedie\/thumbs\/thumbs_team.JPG\"\n               data-image-id=\"702\"\n               data-title=\"OLYMPUS DIGITAL CAMERA\"\n               data-description=\"\"\n               data-image-slug=\"team\"\n               class=\"ngg-fancybox\" rel=\"bea929b853b883413b6789c03db552d2\">\n                <img\n                    title=\"OLYMPUS DIGITAL CAMERA\"\n                    alt=\"OLYMPUS DIGITAL CAMERA\"\n                    src=\"https:\/\/koenigswald.de\/wp-content\/gallery\/logopaedie\/thumbs\/thumbs_team.JPG\"\n                    width=\"120\"\n                    height=\"90\"\n                    style=\"max-width:100%;\"\n                \/>\n            <\/a>\n        <\/div>\n\t\t\t\t\t\t\t<\/div> \n\t\t\t\n        \n\t\t\t\t<div id=\"ngg-image-2\" class=\"ngg-gallery-thumbnail-box\" >\n\t\t\t\t        <div class=\"ngg-gallery-thumbnail\">\n            <a href=\"https:\/\/koenigswald.de\/wp-content\/gallery\/logopaedie\/therapieraum_bebra.JPG\"\n               title=\"\"\n               data-src=\"https:\/\/koenigswald.de\/wp-content\/gallery\/logopaedie\/therapieraum_bebra.JPG\"\n               data-thumbnail=\"https:\/\/koenigswald.de\/wp-content\/gallery\/logopaedie\/thumbs\/thumbs_therapieraum_bebra.JPG\"\n               data-image-id=\"703\"\n               data-title=\"therapieraum_bebra\"\n               data-description=\"\"\n               data-image-slug=\"therapieraum_bebra\"\n               class=\"ngg-fancybox\" rel=\"bea929b853b883413b6789c03db552d2\">\n                <img\n                    title=\"therapieraum_bebra\"\n                    alt=\"therapieraum_bebra\"\n                    src=\"https:\/\/koenigswald.de\/wp-content\/gallery\/logopaedie\/thumbs\/thumbs_therapieraum_bebra.JPG\"\n                    width=\"120\"\n                    height=\"68\"\n                    style=\"max-width:100%;\"\n                \/>\n            <\/a>\n        <\/div>\n\t\t\t\t\t\t\t<\/div> \n\t\t\t\n        \n\t\t\t\t<div id=\"ngg-image-3\" class=\"ngg-gallery-thumbnail-box\" >\n\t\t\t\t        <div class=\"ngg-gallery-thumbnail\">\n            <a href=\"https:\/\/koenigswald.de\/wp-content\/gallery\/logopaedie\/therapieraum_sontra.JPG\"\n               title=\"\"\n               data-src=\"https:\/\/koenigswald.de\/wp-content\/gallery\/logopaedie\/therapieraum_sontra.JPG\"\n               data-thumbnail=\"https:\/\/koenigswald.de\/wp-content\/gallery\/logopaedie\/thumbs\/thumbs_therapieraum_sontra.JPG\"\n               data-image-id=\"704\"\n               data-title=\"therapieraum_sontra\"\n               data-description=\"\"\n               data-image-slug=\"therapieraum_sontra\"\n               class=\"ngg-fancybox\" rel=\"bea929b853b883413b6789c03db552d2\">\n                <img\n                    title=\"therapieraum_sontra\"\n                    alt=\"therapieraum_sontra\"\n                    src=\"https:\/\/koenigswald.de\/wp-content\/gallery\/logopaedie\/thumbs\/thumbs_therapieraum_sontra.JPG\"\n                    width=\"120\"\n                    height=\"68\"\n                    style=\"max-width:100%;\"\n                \/>\n            <\/a>\n        <\/div>\n\t\t\t\t\t\t\t<\/div> \n\t\t\t\n        \n\t\t\n\t\t<div class=\"ngg-clear\"><\/div>\n\t<\/div>\n\n<div id=\"themify_builder_content-2580\" data-postid=\"2580\" class=\"themify_builder_content themify_builder_content-2580 themify_builder themify_builder_front\">\n\t<\/div>\n<!-- \/themify_builder_content -->","protected":false},"excerpt":{"rendered":"<p>Praxis f\u00fcr Logop\u00e4die Dolores Hammerl-Pfordt Logop\u00e4die ganz in Ihrer N\u00e4he! Meine Praxen in Bebra und Sontra sind durch ihre zentrale Lage gut erreichbar und bieten in ihren hellen und freundlich eingerichteten Therapier\u00e4umen eine gro\u00dfe Auswahl an therapeutischem Spiel- und Fachmaterial. Ein erfahrenes Team aus 3 Logop\u00e4den steht Ihnen bei jeglichen Sprach-, Sprech-, Stimm-, H\u00f6r- und [&hellip;]<\/p>\n","protected":false},"author":2,"featured_media":0,"parent":2542,"menu_order":0,"comment_status":"open","ping_status":"open","template":"","meta":{"ngg_post_thumbnail":0},"_links":{"self":[{"href":"https:\/\/koenigswald.de\/index.php?rest_route=\/wp\/v2\/pages\/2580"}],"collection":[{"href":"https:\/\/koenigswald.de\/index.php?rest_route=\/wp\/v2\/pages"}],"about":[{"href":"https:\/\/koenigswald.de\/index.php?rest_route=\/wp\/v2\/types\/page"}],"author":[{"embeddable":true,"href":"https:\/\/koenigswald.de\/index.php?rest_route=\/wp\/v2\/users\/2"}],"replies":[{"embeddable":true,"href":"https:\/\/koenigswald.de\/index.php?rest_route=%2Fwp%2Fv2%2Fcomments&post=2580"}],"version-history":[{"count":6,"href":"https:\/\/koenigswald.de\/index.php?rest_route=\/wp\/v2\/pages\/2580\/revisions"}],"predecessor-version":[{"id":2673,"href":"https:\/\/koenigswald.de\/index.php?rest_route=\/wp\/v2\/pages\/2580\/revisions\/2673"}],"up":[{"embeddable":true,"href":"https:\/\/koenigswald.de\/index.php?rest_route=\/wp\/v2\/pages\/2542"}],"wp:attachment":[{"href":"https:\/\/koenigswald.de\/index.php?rest_route=%2Fwp%2Fv2%2Fmedia&parent=2580"}],"curies":[{"name":"wp","href":"https:\/\/api.w.org\/{rel}","templated":true}]}}