{"id":2550,"date":"2014-12-06T18:33:16","date_gmt":"2014-12-06T16:33:16","guid":{"rendered":"http:\/\/www.koenigswald.de\/?page_id=2550"},"modified":"2015-04-04T19:19:45","modified_gmt":"2015-04-04T17:19:45","slug":"ferienwohnung-sankt-hubertus","status":"publish","type":"page","link":"https:\/\/koenigswald.de\/?page_id=2550","title":{"rendered":"Ferienwohnung Sankt Hubertus"},"content":{"rendered":"<h1>Ferienwohnung Sankt Hubertus<\/h1>\n<p>Wir bieten eine Ferienwohnung, 75 m2 in 2 Ebenen, 1 K\u00fcche mit Geschirrsp\u00fcler, Badezimmer mit Wanne und Dusche im Erdgescho\u00df, Wohn- und Essraum und Schlafzimmer mit Doppelbett und einem Einzelbett im Obergescho\u00df. Wir w\u00fcrden uns \u00fcber G\u00e4ste, auch Radfahrer, die Natur pur lieben sehr freuen aber auch Gastj\u00e4ger oder Monteure sind uns willkommen. Die Kosten betragen 35,-\u20ac pro Tag plus Endreinigung, 30,-\u20ac. Bei Bedarf kann Bettw\u00e4sche und Handt\u00fccher gestellt werden.<\/p>\n<p>Telefon: 05650\/97085 oder 921125<\/p>\n<!-- index.php -->\n<div\n\tclass=\"ngg-galleryoverview ngg-ajax-pagination-none\"\n\tid=\"ngg-gallery-2e913e767e59c98477d00af514456dc2-1\">\n\n    \t\t<!-- Thumbnails -->\n\t\t\t\t<div id=\"ngg-image-0\" class=\"ngg-gallery-thumbnail-box\" >\n\t\t\t\t        <div class=\"ngg-gallery-thumbnail\">\n            <a href=\"https:\/\/koenigswald.de\/wp-content\/gallery\/ferienwohnung-sankt-hubertus\/DSC00308.JPG\"\n               title=\"\"\n               data-src=\"https:\/\/koenigswald.de\/wp-content\/gallery\/ferienwohnung-sankt-hubertus\/DSC00308.JPG\"\n               data-thumbnail=\"https:\/\/koenigswald.de\/wp-content\/gallery\/ferienwohnung-sankt-hubertus\/thumbs\/thumbs_DSC00308.JPG\"\n               data-image-id=\"38\"\n               data-title=\"DSC00308\"\n               data-description=\"\"\n               data-image-slug=\"dsc00308\"\n               class=\"ngg-fancybox\" rel=\"2e913e767e59c98477d00af514456dc2\">\n                <img\n                    title=\"DSC00308\"\n                    alt=\"DSC00308\"\n                    src=\"https:\/\/koenigswald.de\/wp-content\/gallery\/ferienwohnung-sankt-hubertus\/thumbs\/thumbs_DSC00308.JPG\"\n                    width=\"120\"\n                    height=\"90\"\n                    style=\"max-width:100%;\"\n                \/>\n            <\/a>\n        <\/div>\n\t\t\t\t\t\t\t<\/div> \n\t\t\t\n        \n\t\t\t\t<div id=\"ngg-image-1\" class=\"ngg-gallery-thumbnail-box\" >\n\t\t\t\t        <div class=\"ngg-gallery-thumbnail\">\n            <a href=\"https:\/\/koenigswald.de\/wp-content\/gallery\/ferienwohnung-sankt-hubertus\/DSC00310.JPG\"\n               title=\"\"\n               data-src=\"https:\/\/koenigswald.de\/wp-content\/gallery\/ferienwohnung-sankt-hubertus\/DSC00310.JPG\"\n               data-thumbnail=\"https:\/\/koenigswald.de\/wp-content\/gallery\/ferienwohnung-sankt-hubertus\/thumbs\/thumbs_DSC00310.JPG\"\n               data-image-id=\"39\"\n               data-title=\"DSC00310\"\n               data-description=\"\"\n               data-image-slug=\"dsc00310\"\n               class=\"ngg-fancybox\" rel=\"2e913e767e59c98477d00af514456dc2\">\n                <img\n                    title=\"DSC00310\"\n                    alt=\"DSC00310\"\n                    src=\"https:\/\/koenigswald.de\/wp-content\/gallery\/ferienwohnung-sankt-hubertus\/thumbs\/thumbs_DSC00310.JPG\"\n                    width=\"120\"\n                    height=\"90\"\n                    style=\"max-width:100%;\"\n                \/>\n            <\/a>\n        <\/div>\n\t\t\t\t\t\t\t<\/div> \n\t\t\t\n        \n\t\t\t\t<div id=\"ngg-image-2\" class=\"ngg-gallery-thumbnail-box\" >\n\t\t\t\t        <div class=\"ngg-gallery-thumbnail\">\n            <a href=\"https:\/\/koenigswald.de\/wp-content\/gallery\/ferienwohnung-sankt-hubertus\/DSC00311.JPG\"\n               title=\"\"\n               data-src=\"https:\/\/koenigswald.de\/wp-content\/gallery\/ferienwohnung-sankt-hubertus\/DSC00311.JPG\"\n               data-thumbnail=\"https:\/\/koenigswald.de\/wp-content\/gallery\/ferienwohnung-sankt-hubertus\/thumbs\/thumbs_DSC00311.JPG\"\n               data-image-id=\"40\"\n               data-title=\"DSC00311\"\n               data-description=\"\"\n               data-image-slug=\"dsc00311\"\n               class=\"ngg-fancybox\" rel=\"2e913e767e59c98477d00af514456dc2\">\n                <img\n                    title=\"DSC00311\"\n                    alt=\"DSC00311\"\n                    src=\"https:\/\/koenigswald.de\/wp-content\/gallery\/ferienwohnung-sankt-hubertus\/thumbs\/thumbs_DSC00311.JPG\"\n                    width=\"120\"\n                    height=\"90\"\n                    style=\"max-width:100%;\"\n                \/>\n            <\/a>\n        <\/div>\n\t\t\t\t\t\t\t<\/div> \n\t\t\t\n        \n\t\t\t\t<div id=\"ngg-image-3\" class=\"ngg-gallery-thumbnail-box\" >\n\t\t\t\t        <div class=\"ngg-gallery-thumbnail\">\n            <a href=\"https:\/\/koenigswald.de\/wp-content\/gallery\/ferienwohnung-sankt-hubertus\/DSC00313.JPG\"\n               title=\"\"\n               data-src=\"https:\/\/koenigswald.de\/wp-content\/gallery\/ferienwohnung-sankt-hubertus\/DSC00313.JPG\"\n               data-thumbnail=\"https:\/\/koenigswald.de\/wp-content\/gallery\/ferienwohnung-sankt-hubertus\/thumbs\/thumbs_DSC00313.JPG\"\n               data-image-id=\"41\"\n               data-title=\"DSC00313\"\n               data-description=\"\"\n               data-image-slug=\"dsc00313\"\n               class=\"ngg-fancybox\" rel=\"2e913e767e59c98477d00af514456dc2\">\n                <img\n                    title=\"DSC00313\"\n                    alt=\"DSC00313\"\n                    src=\"https:\/\/koenigswald.de\/wp-content\/gallery\/ferienwohnung-sankt-hubertus\/thumbs\/thumbs_DSC00313.JPG\"\n                    width=\"120\"\n                    height=\"90\"\n                    style=\"max-width:100%;\"\n                \/>\n            <\/a>\n        <\/div>\n\t\t\t\t\t\t\t<\/div> \n\t\t\t\n        \n\t\t\n\t\t<div class=\"ngg-clear\"><\/div>\n\t<\/div>\n\n<div id=\"themify_builder_content-2550\" data-postid=\"2550\" class=\"themify_builder_content themify_builder_content-2550 themify_builder themify_builder_front\">\n\t<\/div>\n<!-- \/themify_builder_content -->","protected":false},"excerpt":{"rendered":"<p>Ferienwohnung Sankt Hubertus Wir bieten eine Ferienwohnung, 75 m2 in 2 Ebenen, 1 K\u00fcche mit Geschirrsp\u00fcler, Badezimmer mit Wanne und Dusche im Erdgescho\u00df, Wohn- und Essraum und Schlafzimmer mit Doppelbett und einem Einzelbett im Obergescho\u00df. Wir w\u00fcrden uns \u00fcber G\u00e4ste, auch Radfahrer, die Natur pur lieben sehr freuen aber auch Gastj\u00e4ger oder Monteure sind uns [&hellip;]<\/p>\n","protected":false},"author":2,"featured_media":0,"parent":2544,"menu_order":0,"comment_status":"open","ping_status":"open","template":"","meta":{"ngg_post_thumbnail":0},"_links":{"self":[{"href":"https:\/\/koenigswald.de\/index.php?rest_route=\/wp\/v2\/pages\/2550"}],"collection":[{"href":"https:\/\/koenigswald.de\/index.php?rest_route=\/wp\/v2\/pages"}],"about":[{"href":"https:\/\/koenigswald.de\/index.php?rest_route=\/wp\/v2\/types\/page"}],"author":[{"embeddable":true,"href":"https:\/\/koenigswald.de\/index.php?rest_route=\/wp\/v2\/users\/2"}],"replies":[{"embeddable":true,"href":"https:\/\/koenigswald.de\/index.php?rest_route=%2Fwp%2Fv2%2Fcomments&post=2550"}],"version-history":[{"count":4,"href":"https:\/\/koenigswald.de\/index.php?rest_route=\/wp\/v2\/pages\/2550\/revisions"}],"predecessor-version":[{"id":3050,"href":"https:\/\/koenigswald.de\/index.php?rest_route=\/wp\/v2\/pages\/2550\/revisions\/3050"}],"up":[{"embeddable":true,"href":"https:\/\/koenigswald.de\/index.php?rest_route=\/wp\/v2\/pages\/2544"}],"wp:attachment":[{"href":"https:\/\/koenigswald.de\/index.php?rest_route=%2Fwp%2Fv2%2Fmedia&parent=2550"}],"curies":[{"name":"wp","href":"https:\/\/api.w.org\/{rel}","templated":true}]}}