{"id":2542,"date":"2014-12-06T18:28:15","date_gmt":"2014-12-06T16:28:15","guid":{"rendered":"http:\/\/www.koenigswald.de\/?page_id=2542"},"modified":"2015-04-04T19:49:13","modified_gmt":"2015-04-04T17:49:13","slug":"unternehmen","status":"publish","type":"page","link":"https:\/\/koenigswald.de\/?page_id=2542","title":{"rendered":"Unternehmen"},"content":{"rendered":"<h1>Unternehmen<\/h1>\n<h2><a title=\"Hahs.IT | PC-SPEZIALIST Bebra\" href=\"https:\/\/koenigswald.de\/?page_id=2578\">Hahs.IT | PC-SPEZIALIST in Bebra<\/a><\/h2>\n<h2><a title=\"Jochen Wei\u00df &amp; Ralf Diegel GbR\" href=\"https:\/\/koenigswald.de\/?page_id=2574\">Jochen Wei\u00df &amp; Ralf Diegel GbR<\/a><\/h2>\n<h2><a title=\"NL KFZ-Service GbR\" href=\"https:\/\/koenigswald.de\/?page_id=2594\">NL KFZ-Service GbR<\/a><\/h2>\n<h2><a title=\"Praxis f\u00fcr Logop\u00e4die Dolores Hammerl-Pfordt\" href=\"https:\/\/koenigswald.de\/?page_id=2580\">Praxis f\u00fcr Logop\u00e4die Dolores Hammerl-Pfordt<\/a><\/h2>\n<h2><a title=\"Rechtsanwalt Harald Ermel\" href=\"https:\/\/koenigswald.de\/?page_id=2582\">Rechtsanwalt Harald Ermel<\/a><\/h2>\n<h2><a title=\"Schmauch Lohnunternehmen\" href=\"https:\/\/koenigswald.de\/?page_id=2576\">Schmauch Lohnunternehmen<\/a><\/h2>\n<h2><a title=\"K\u00f6nigsw\u00e4lder Stracke\" href=\"https:\/\/koenigswald.de\/?page_id=2668\">K\u00f6nigsw\u00e4lder Stracke<\/a><\/h2>\n<div id=\"themify_builder_content-2542\" data-postid=\"2542\" class=\"themify_builder_content themify_builder_content-2542 themify_builder themify_builder_front\">\n\t<\/div>\n<!-- \/themify_builder_content -->","protected":false},"excerpt":{"rendered":"<p>Unternehmen Hahs.IT | PC-SPEZIALIST in Bebra Jochen Wei\u00df &amp; Ralf Diegel GbR NL KFZ-Service GbR Praxis f\u00fcr Logop\u00e4die Dolores Hammerl-Pfordt Rechtsanwalt Harald Ermel Schmauch Lohnunternehmen K\u00f6nigsw\u00e4lder Stracke<\/p>\n","protected":false},"author":2,"featured_media":0,"parent":0,"menu_order":0,"comment_status":"open","ping_status":"open","template":"","meta":{"ngg_post_thumbnail":0},"_links":{"self":[{"href":"https:\/\/koenigswald.de\/index.php?rest_route=\/wp\/v2\/pages\/2542"}],"collection":[{"href":"https:\/\/koenigswald.de\/index.php?rest_route=\/wp\/v2\/pages"}],"about":[{"href":"https:\/\/koenigswald.de\/index.php?rest_route=\/wp\/v2\/types\/page"}],"author":[{"embeddable":true,"href":"https:\/\/koenigswald.de\/index.php?rest_route=\/wp\/v2\/users\/2"}],"replies":[{"embeddable":true,"href":"https:\/\/koenigswald.de\/index.php?rest_route=%2Fwp%2Fv2%2Fcomments&post=2542"}],"version-history":[{"count":3,"href":"https:\/\/koenigswald.de\/index.php?rest_route=\/wp\/v2\/pages\/2542\/revisions"}],"predecessor-version":[{"id":3104,"href":"https:\/\/koenigswald.de\/index.php?rest_route=\/wp\/v2\/pages\/2542\/revisions\/3104"}],"wp:attachment":[{"href":"https:\/\/koenigswald.de\/index.php?rest_route=%2Fwp%2Fv2%2Fmedia&parent=2542"}],"curies":[{"name":"wp","href":"https:\/\/api.w.org\/{rel}","templated":true}]}}