{"id":2420,"date":"2014-11-17T10:48:22","date_gmt":"2014-11-17T08:48:22","guid":{"rendered":"http:\/\/s276753387.online.de\/webs\/koenigswald.de\/?page_id=2420"},"modified":"2015-04-04T18:55:07","modified_gmt":"2015-04-04T16:55:07","slug":"historisches","status":"publish","type":"page","link":"https:\/\/koenigswald.de\/?page_id=2420","title":{"rendered":"Historisches"},"content":{"rendered":"<h1>Historisches<\/h1>\n<h1><a href=\"https:\/\/koenigswald.de\/wp-content\/uploads\/2014\/11\/linde2.jpg\"><img loading=\"lazy\" class=\"size-medium wp-image-3065 alignright\" src=\"https:\/\/koenigswald.de\/wp-content\/uploads\/2014\/11\/linde2.jpg\" alt=\"linde2\" width=\"205\" height=\"250\" \/><\/a><\/h1>\n<p>&#8230;wer die K\u00f6nigsw\u00e4lder Gemarkung durchwandert, wandelt auf Kaiser Barbarossas Spuren. So behauptet es jedenfalls die Sage, die die Bedeutung des Namens K\u00f6nigswald zu erkl\u00e4ren versucht. Danach zog Kaiser Barbarossa auf dem Weg von Rotenburg a.d. Fulda nach der Boyneburg das Tal der Schwarzen Hasel aufw\u00e4rts, \u00fcberquerte am Galanskopf die Franzosenstrasse und folgte dann der Sontra abw\u00e4rts. Wo heute das Dorf steht, schlug er sein Lager auf. Die sp\u00e4teren Ansiedler sollen zur Erinnerung daran ihrem Dorf den Namen K\u00f6nigswald gegeben haben. Der \u00e4lteste Teil des Dorfes steht auf einer kleinen Anh\u00f6he um die Kirche herum. Etwas unterhalb der Kirche liegt eine alte Thing- und Gerichtsst\u00e4tte, die mit einer hohen Mauer nach der Dorfstrasse hin umgeben ist. In der Mitte des Platzes steht eine alte Linde und so feiern die \u00f6rtlichen Vereine hier im Monat Mai das Lindenfest.<\/p>\n<h1 style=\"text-align: right;\"><\/h1>\n<h1 style=\"text-align: right;\"><\/h1>\n<h1 style=\"text-align: right;\"><\/h1>\n<h1 style=\"text-align: right;\"><a href=\"https:\/\/koenigswald.de\/wp-content\/uploads\/2014\/11\/linde1.jpg\"><img loading=\"lazy\" class=\"size-medium wp-image-3064 alignleft\" src=\"https:\/\/koenigswald.de\/wp-content\/uploads\/2014\/11\/linde1.jpg\" alt=\"linde1\" width=\"250\" height=\"180\" \/><\/a><\/h1>\n<p>Unter der Linde finden wir als Relikt vergangener Zeit einen schweren Steintisch. Dazu ist aus anderen Abhandlungen bekannt, dass der &#8222;Neunzehnberg&#8220; eine wichtige Funktion zur Kontrolle des Mondes gehabt haben soll. So k\u00f6nnte dieser Tisch ein Inventarst\u00fcck eines Mondobservatoriums sein. Dr. Hans-Friedrich Werkmeister hat hier mit seinem Biometer erhebliche Strahlungen gemessen. K\u00f6nigswald, 1351 erstmals urkundlich erw\u00e4hnt blickte im Jahr 2001 auf eine 650 j\u00e4hrige Geschichte zur\u00fcck. Dies war Anlass eine umfangreiche Dorfchronik zu erstellen, welche \u00fcber den Ortsvorsteher erworben werden kann.<\/p>\n<h1 style=\"text-align: right;\"><\/h1>\n<h1 style=\"text-align: right;\"><\/h1>\n<h1><\/h1>\n<h1>Das Zylinderm\u00e4nnchen<\/h1>\n<h1><a href=\"https:\/\/koenigswald.de\/wp-content\/uploads\/2014\/11\/zylinderm\u00e4nnchen.jpg\"><img loading=\"lazy\" class=\"size-medium wp-image-3066 alignright\" src=\"https:\/\/koenigswald.de\/wp-content\/uploads\/2014\/11\/zylinderm\u00e4nnchen.jpg\" alt=\"zylinderm\u00e4nnchen\" width=\"195\" height=\"250\" \/><\/a><\/h1>\n<p>Der Sage nach, die rund um den Alheimer verbreitet war, lebt hier seit mehr als 1000 Jahren das Zylinderm\u00e4nnchen der St\u00f6lzinger H\u00f6he. Als Baumgeist ist es ein W\u00e4chter der Erde und bringt das LICHT von oben herunter und die Kraft der Mutter ERDE von unten herauf.<\/p>\n<p>In diesem Baum tankt das Zylinderm\u00e4nnchen Kraft f\u00fcr seine n\u00e4chtlichen Ausritte. Dann n\u00e4mlich reitet es der Sage nach durch die Region und besch\u00fctzt die hier lebenden Menschen. Es schaut auch durch die Fenster der H\u00e4user, um zu sehen, dass die Menschen friedlich, tief und fest schlafen.<\/p>\n<p>Die Existenz eines Baumgeistes h\u00e4ngt eng mit dieser Eiche zusammen. Werden Baum und Geist getrennt, leiden beide.<\/p>\n<div id=\"themify_builder_content-2420\" data-postid=\"2420\" class=\"themify_builder_content themify_builder_content-2420 themify_builder themify_builder_front\">\n\t<\/div>\n<!-- \/themify_builder_content -->","protected":false},"excerpt":{"rendered":"<p>Historisches &#8230;wer die K\u00f6nigsw\u00e4lder Gemarkung durchwandert, wandelt auf Kaiser Barbarossas Spuren. So behauptet es jedenfalls die Sage, die die Bedeutung des Namens K\u00f6nigswald zu erkl\u00e4ren versucht. Danach zog Kaiser Barbarossa auf dem Weg von Rotenburg a.d. Fulda nach der Boyneburg das Tal der Schwarzen Hasel aufw\u00e4rts, \u00fcberquerte am Galanskopf die Franzosenstrasse und folgte dann der [&hellip;]<\/p>\n","protected":false},"author":2,"featured_media":0,"parent":0,"menu_order":0,"comment_status":"open","ping_status":"open","template":"","meta":{"ngg_post_thumbnail":0},"_links":{"self":[{"href":"https:\/\/koenigswald.de\/index.php?rest_route=\/wp\/v2\/pages\/2420"}],"collection":[{"href":"https:\/\/koenigswald.de\/index.php?rest_route=\/wp\/v2\/pages"}],"about":[{"href":"https:\/\/koenigswald.de\/index.php?rest_route=\/wp\/v2\/types\/page"}],"author":[{"embeddable":true,"href":"https:\/\/koenigswald.de\/index.php?rest_route=\/wp\/v2\/users\/2"}],"replies":[{"embeddable":true,"href":"https:\/\/koenigswald.de\/index.php?rest_route=%2Fwp%2Fv2%2Fcomments&post=2420"}],"version-history":[{"count":7,"href":"https:\/\/koenigswald.de\/index.php?rest_route=\/wp\/v2\/pages\/2420\/revisions"}],"predecessor-version":[{"id":3068,"href":"https:\/\/koenigswald.de\/index.php?rest_route=\/wp\/v2\/pages\/2420\/revisions\/3068"}],"wp:attachment":[{"href":"https:\/\/koenigswald.de\/index.php?rest_route=%2Fwp%2Fv2%2Fmedia&parent=2420"}],"curies":[{"name":"wp","href":"https:\/\/api.w.org\/{rel}","templated":true}]}}

<h1>Historisches</h1>
<h1><a href="https://koenigswald.de/wp-content/uploads/2014/11/linde2.jpg"><img loading="lazy" class="size-medium wp-image-3065 alignright" src="https://koenigswald.de/wp-content/uploads/2014/11/linde2.jpg" alt="linde2" width="205" height="250" /></a></h1>
<p>&#8230;wer die Königswälder Gemarkung durchwandert, wandelt auf Kaiser Barbarossas Spuren. So behauptet es jedenfalls die Sage, die die Bedeutung des Namens Königswald zu erklären versucht. Danach zog Kaiser Barbarossa auf dem Weg von Rotenburg a.d. Fulda nach der Boyneburg das Tal der Schwarzen Hasel aufwärts, überquerte am Galanskopf die Franzosenstrasse und folgte dann der Sontra abwärts. Wo heute das Dorf steht, schlug er sein Lager auf. Die späteren Ansiedler sollen zur Erinnerung daran ihrem Dorf den Namen Königswald gegeben haben. Der älteste Teil des Dorfes steht auf einer kleinen Anhöhe um die Kirche herum. Etwas unterhalb der Kirche liegt eine alte Thing- und Gerichtsstätte, die mit einer hohen Mauer nach der Dorfstrasse hin umgeben ist. In der Mitte des Platzes steht eine alte Linde und so feiern die örtlichen Vereine hier im Monat Mai das Lindenfest.</p>
<h1 style="text-align: right;"></h1>
<h1 style="text-align: right;"></h1>
<h1 style="text-align: right;"></h1>
<h1 style="text-align: right;"><a href="https://koenigswald.de/wp-content/uploads/2014/11/linde1.jpg"><img loading="lazy" class="size-medium wp-image-3064 alignleft" src="https://koenigswald.de/wp-content/uploads/2014/11/linde1.jpg" alt="linde1" width="250" height="180" /></a></h1>
<p>Unter der Linde finden wir als Relikt vergangener Zeit einen schweren Steintisch. Dazu ist aus anderen Abhandlungen bekannt, dass der &#8222;Neunzehnberg&#8220; eine wichtige Funktion zur Kontrolle des Mondes gehabt haben soll. So könnte dieser Tisch ein Inventarstück eines Mondobservatoriums sein. Dr. Hans-Friedrich Werkmeister hat hier mit seinem Biometer erhebliche Strahlungen gemessen. Königswald, 1351 erstmals urkundlich erwähnt blickte im Jahr 2001 auf eine 650 jährige Geschichte zurück. Dies war Anlass eine umfangreiche Dorfchronik zu erstellen, welche über den Ortsvorsteher erworben werden kann.</p>
<h1 style="text-align: right;"></h1>
<h1 style="text-align: right;"></h1>
<h1></h1>
<h1>Das Zylindermännchen</h1>
<h1><a href="https://koenigswald.de/wp-content/uploads/2014/11/zylindermännchen.jpg"><img loading="lazy" class="size-medium wp-image-3066 alignright" src="https://koenigswald.de/wp-content/uploads/2014/11/zylindermännchen.jpg" alt="zylindermännchen" width="195" height="250" /></a></h1>
<p>Der Sage nach, die rund um den Alheimer verbreitet war, lebt hier seit mehr als 1000 Jahren das Zylindermännchen der Stölzinger Höhe. Als Baumgeist ist es ein Wächter der Erde und bringt das LICHT von oben herunter und die Kraft der Mutter ERDE von unten herauf.</p>
<p>In diesem Baum tankt das Zylindermännchen Kraft für seine nächtlichen Ausritte. Dann nämlich reitet es der Sage nach durch die Region und beschützt die hier lebenden Menschen. Es schaut auch durch die Fenster der Häuser, um zu sehen, dass die Menschen friedlich, tief und fest schlafen.</p>
<p>Die Existenz eines Baumgeistes hängt eng mit dieser Eiche zusammen. Werden Baum und Geist getrennt, leiden beide.</p>
<div id="themify_builder_content-2420" data-postid="2420" class="themify_builder_content themify_builder_content-2420 themify_builder themify_builder_front">
	</div>
<!-- /themify_builder_content -->

<p>Historisches &#8230;wer die Königswälder Gemarkung durchwandert, wandelt auf Kaiser Barbarossas Spuren. So behauptet es jedenfalls die Sage, die die Bedeutung des Namens Königswald zu erklären versucht. Danach zog Kaiser Barbarossa auf dem Weg von Rotenburg a.d. Fulda nach der Boyneburg das Tal der Schwarzen Hasel aufwärts, überquerte am Galanskopf die Franzosenstrasse und folgte dann der [&hellip;]</p>
